{"id":294,"date":"2021-07-12T12:18:21","date_gmt":"2021-07-12T12:18:21","guid":{"rendered":"https:\/\/szablon.pawelkepa.pl\/demo1\/?page_id=294"},"modified":"2025-03-03T19:42:48","modified_gmt":"2025-03-03T18:42:48","slug":"o-nas","status":"publish","type":"page","link":"https:\/\/klinikanaturalnie.pl\/?page_id=294","title":{"rendered":"O nas"},"content":{"rendered":"\n<div class=\"wp-block-getwid-section alignfull alignfull getwid-section-content-custom-width\"><div class=\"wp-block-getwid-section__wrapper getwid-padding-left-medium getwid-padding-right-medium\" style=\"padding-top:80px;padding-bottom:0px\"><div class=\"wp-block-getwid-section__inner-wrapper\" style=\"max-width:1140px\"><div class=\"wp-block-getwid-section__background-holder\"><div class=\"wp-block-getwid-section__background\"><\/div><div class=\"wp-block-getwid-section__foreground\"><\/div><\/div><div class=\"wp-block-getwid-section__content\"><div class=\"wp-block-getwid-section__inner-content\">\n<div class=\"wp-block-columns is-layout-flex wp-container-core-columns-is-layout-9d6595d7 wp-block-columns-is-layout-flex\">\n<div class=\"wp-block-column is-vertically-aligned-top is-layout-flow wp-block-column-is-layout-flow\">\n<h2 class=\"wp-block-heading has-text-align-center\">Poznaj nas!<\/h2>\n\n\n\n<div style=\"height:40px\" aria-hidden=\"true\" class=\"wp-block-spacer\"><\/div>\n\n\n\n<p class=\"has-text-align-center\">Klinika Naturalnie \u2013 Salon Kosmetologii Estetycznej na \u015al\u0105sku, w Czeladzi, w samym centrum \u015bl\u0105skiej metropolii. Nasz nowoczesny salon oferuje zaawansowane zabiegi, takie jak radiofrekwencja mikroig\u0142owa i bezig\u0142owa, lipoliza iniekcyjna, nanobrazja, oczyszczanie wodorowe, system proXN oraz mezoterapia ig\u0142owa i mikroig\u0142owa. Wykorzystujemy tak\u017ce zabiegi z fal\u0105 radiow\u0105, a nasza oferta obejmuje kompleksow\u0105 kosmetologi\u0119 piel\u0119gnacyjn\u0105 i relaksuj\u0105ce masa\u017ce, dopasowane do indywidualnych potrzeb. Odwied\u017a nas, by podkre\u015bli\u0107 swoje naturalne pi\u0119kno i cieszy\u0107 si\u0119 widocznymi efektami!<\/p>\n\n\n\n<div style=\"height:80px\" aria-hidden=\"true\" class=\"wp-block-spacer\"><\/div>\n\n\n\n<div style=\"height:20px\" aria-hidden=\"true\" class=\"wp-block-spacer\"><\/div>\n<\/div>\n<\/div>\n<\/div><\/div><\/div><\/div><\/div>\n\n\n\n<div class=\"wp-block-getwid-section alignfull alignfull getwid-section-content-custom-width\"><div class=\"wp-block-getwid-section__wrapper getwid-padding-left-medium getwid-padding-right-medium\" style=\"padding-top:100px;padding-bottom:0px\"><div class=\"wp-block-getwid-section__inner-wrapper\" style=\"max-width:1140px\"><div class=\"wp-block-getwid-section__background-holder\"><div class=\"wp-block-getwid-section__background has-background has-white-background-color\"><\/div><div class=\"wp-block-getwid-section__foreground\"><\/div><\/div><div class=\"wp-block-getwid-section__content\"><div class=\"wp-block-getwid-section__inner-content\">\n<div class=\"wp-block-columns is-layout-flex wp-container-core-columns-is-layout-9d6595d7 wp-block-columns-is-layout-flex\">\n<div class=\"wp-block-column is-layout-flow wp-block-column-is-layout-flow\">\n<div class=\"wp-block-getwid-advanced-heading\" style=\"margin-bottom:30px;margin-top:10px\"><h2 class=\"wp-block-getwid-advanced-heading__content\" style=\"text-align:left\"><a href=\"https:\/\/www.google.com\/search?q=Klinika+Naturalnie&amp;stick=H4sIAAAAAAAA_-NgU1I1qDAxNzRLMTROMzcxSjVONDS3MqgwTbVMSTVIMUpMS0o1SUqzWMQq5J2TmZeZnajgl1hSWpSYk5eZCgDvCdqxPgAAAA&amp;hl=pl&amp;mat=CbzqjsLDquwOElcBmzl_pc3orZloi3ISbgFTukMuGwcobIXkUK3yWcEOOag1waARhNFoTMpO7B44GUvjirw4fQAwVZetNkT4fhxs4ls_wJHrXyr7NnH8Oosax2m9_Bn0qEU&amp;authuser=0&amp;ved=2ahUKEwj9zMj4ru6LAxW_HRAIHWRqLtEQ-MgIegQIIhAe\">KLINIKA NATURALNIE<br>TW\u00d3J SALON KOSMETYCZNY<\/a><\/h2><\/div>\n\n\n\n<div style=\"height:20px\" aria-hidden=\"true\" class=\"wp-block-spacer\"><\/div>\n\n\n\n<p>Klinika Naturalnie &#8211; Twoje miejsce pi\u0119kna i relaksu w Czeladzi!<\/p>\n\n\n\n<p>Zapraszamy do naszego salonu kosmetycznego, gdzie pasja do naturalnej piel\u0119gnacji \u0142\u0105czy si\u0119 z profesjonalizmem.<\/p>\n\n\n\n<div style=\"height:15px\" aria-hidden=\"true\" class=\"wp-block-spacer\"><\/div>\n\n\n\n<div class=\"wp-block-columns is-layout-flex wp-container-core-columns-is-layout-9d6595d7 wp-block-columns-is-layout-flex\">\n<div class=\"wp-block-column is-layout-flow wp-block-column-is-layout-flow\">\n<div class=\"wp-block-buttons is-layout-flex wp-block-buttons-is-layout-flex\">\n<div class=\"wp-block-button btn mrgzero\"><a class=\"wp-block-button__link has-white-color has-black-background-color has-text-color has-background wp-element-button\" href=\"http:\/\/klinikanaturalnie.booksy.com\/a\" style=\"border-radius:1px\">UM\u00d3W SI\u0118<\/a><\/div>\n<\/div>\n<\/div>\n<\/div>\n\n\n\n<div style=\"height:50px\" aria-hidden=\"true\" class=\"wp-block-spacer\"><\/div>\n<\/div>\n\n\n\n<div class=\"wp-block-column is-layout-flow wp-block-column-is-layout-flow\" style=\"flex-basis:50%\">\n<figure class=\"wp-block-image size-full is-resized\"><img loading=\"lazy\" decoding=\"async\" width=\"2560\" height=\"1920\" src=\"https:\/\/klinikanaturalnie.pl\/wp-content\/uploads\/2023\/09\/salon-zdjecie-scaled.jpg\" alt=\"\" class=\"wp-image-1097\" style=\"width:533px;height:auto\" srcset=\"https:\/\/klinikanaturalnie.pl\/wp-content\/uploads\/2023\/09\/salon-zdjecie-scaled.jpg 2560w, https:\/\/klinikanaturalnie.pl\/wp-content\/uploads\/2023\/09\/salon-zdjecie-300x225.jpg 300w\" sizes=\"auto, (max-width: 2560px) 100vw, 2560px\" \/><\/figure>\n\n\n\n<div style=\"height:50px\" aria-hidden=\"true\" class=\"wp-block-spacer\"><\/div>\n<\/div>\n<\/div>\n<\/div><\/div><\/div><\/div><\/div>\n\n\n\n<div class=\"wp-block-group\"><div class=\"wp-block-group__inner-container is-layout-constrained wp-block-group-is-layout-constrained\">\n<div class=\"wp-block-columns is-layout-flex wp-container-core-columns-is-layout-9d6595d7 wp-block-columns-is-layout-flex\">\n<div class=\"wp-block-column is-layout-flow wp-block-column-is-layout-flow\" style=\"flex-basis:100%\"><div class=\"wp-block-image\">\n<figure class=\"aligncenter is-resized\"><img loading=\"lazy\" decoding=\"async\" width=\"1920\" height=\"1080\" src=\"https:\/\/klinikanaturalnie.pl\/wp-content\/uploads\/2025\/03\/glowna-1.png\" alt=\"\" class=\"wp-image-1086\" style=\"width:495px;height:auto\" srcset=\"https:\/\/klinikanaturalnie.pl\/wp-content\/uploads\/2025\/03\/glowna-1.png 1920w, https:\/\/klinikanaturalnie.pl\/wp-content\/uploads\/2025\/03\/glowna-1-300x169.png 300w, https:\/\/klinikanaturalnie.pl\/wp-content\/uploads\/2025\/03\/glowna-1-1024x576.png 1024w, https:\/\/klinikanaturalnie.pl\/wp-content\/uploads\/2025\/03\/glowna-1-768x432.png 768w, https:\/\/klinikanaturalnie.pl\/wp-content\/uploads\/2025\/03\/glowna-1-1536x864.png 1536w\" sizes=\"auto, (max-width: 1920px) 100vw, 1920px\" \/><figcaption class=\"wp-element-caption\">Jestem Daria \u2013 w\u0142a\u015bcicielka Kliniki Naturalnie, kosmetolog z wykszta\u0142cenia, magister. Moja pasja do upi\u0119kszania ludzi sprawia, \u017ce ka\u017cdego dnia wk\u0142adam w swoj\u0105 prac\u0119 ca\u0142e serce, czerpi\u0105c rado\u015b\u0107 z u\u015bmiech\u00f3w klient\u00f3w, kt\u00f3rzy widz\u0105 pierwsze efekty moich dzia\u0142a\u0144.<br>Posiadam wieloletnie do\u015bwiadczenie w bran\u017cy kosmetologicznej, zdobywaj\u0105c je zar\u00f3wno w praktyce, jak i podczas pracy jako nauczycielka w szkole policealnej na kierunku technik us\u0142ug kosmetycznych.<br>Nieustannie rozwijam swoje kompetencje i poszerzam wiedz\u0119, aby \u015bwiadczy\u0107 us\u0142ugi na najwy\u017cszym poziomie, zapewniaj\u0105c jednocze\u015bnie pe\u0142ne bezpiecze\u0144stwo. Pragn\u0119, aby Klinika Naturalnie by\u0142a miejscem, w kt\u00f3rym ka\u017cdy czuje si\u0119 wyj\u0105tkowo i pi\u0119knie, a naturalne pi\u0119kno ka\u017cdego z nas zostaje odkryte.<\/figcaption><\/figure>\n<\/div><\/div>\n<\/div>\n<\/div><\/div>\n\n\n\n<div class=\"wp-block-getwid-section alignfull alignfull getwid-section-content-custom-width\"><div class=\"wp-block-getwid-section__wrapper getwid-padding-left-medium getwid-padding-right-medium\" style=\"padding-top:100px;padding-bottom:50px\"><div class=\"wp-block-getwid-section__inner-wrapper\" style=\"max-width:1140px\"><div class=\"wp-block-getwid-section__background-holder\"><div class=\"wp-block-getwid-section__background\"><\/div><div class=\"wp-block-getwid-section__foreground\"><\/div><\/div><div class=\"wp-block-getwid-section__content\"><div class=\"wp-block-getwid-section__inner-content\">\n<div class=\"wp-block-columns is-layout-flex wp-container-core-columns-is-layout-9d6595d7 wp-block-columns-is-layout-flex\">\n<div class=\"wp-block-column is-layout-flow wp-block-column-is-layout-flow\" style=\"flex-basis:50%\">\n<figure class=\"wp-block-image size-large is-resized\"><img loading=\"lazy\" decoding=\"async\" width=\"1024\" height=\"989\" src=\"https:\/\/klinikanaturalnie.pl\/wp-content\/uploads\/2023\/09\/voucher-1-1024x989.jpg\" alt=\"\" class=\"wp-image-1117\" style=\"width:399px;height:auto\" srcset=\"https:\/\/klinikanaturalnie.pl\/wp-content\/uploads\/2023\/09\/voucher-1-1024x989.jpg 1024w, https:\/\/klinikanaturalnie.pl\/wp-content\/uploads\/2023\/09\/voucher-1-300x290.jpg 300w, https:\/\/klinikanaturalnie.pl\/wp-content\/uploads\/2023\/09\/voucher-1-768x741.jpg 768w, https:\/\/klinikanaturalnie.pl\/wp-content\/uploads\/2023\/09\/voucher-1.jpg 1445w\" sizes=\"auto, (max-width: 1024px) 100vw, 1024px\" \/><\/figure>\n<\/div>\n\n\n\n<div class=\"wp-block-column is-layout-flow wp-block-column-is-layout-flow\">\n<div class=\"wp-block-getwid-advanced-heading\" style=\"margin-bottom:30px;margin-top:10px\"><h2 class=\"wp-block-getwid-advanced-heading__content\" style=\"text-align:left\">PODARUJ VOUCHER <br>BLISKIEJ OSOBIE<\/h2><\/div>\n\n\n\n<div style=\"height:20px\" aria-hidden=\"true\" class=\"wp-block-spacer\"><\/div>\n\n\n\n<p>Zapoznaj si\u0119 z ofert\u0105 na naszym <a href=\"http:\/\/klinikanaturalnie.booksy.com\/a\">Booksy<\/a> lub w wiadomo\u015bci prywatnej na <a href=\"https:\/\/www.facebook.com\/klinika.naturalnie\/\">Facebooku<\/a> lub <a href=\"https:\/\/www.instagram.com\/klinika.naturalnie\/\">Instagramie<\/a>.<\/p>\n\n\n\n<div style=\"height:15px\" aria-hidden=\"true\" class=\"wp-block-spacer\"><\/div>\n\n\n\n<div class=\"wp-block-columns is-layout-flex wp-container-core-columns-is-layout-9d6595d7 wp-block-columns-is-layout-flex\">\n<div class=\"wp-block-column is-layout-flow wp-block-column-is-layout-flow\">\n<div class=\"wp-block-buttons is-layout-flex wp-block-buttons-is-layout-flex\">\n<div class=\"wp-block-button btn mrgzero\"><a class=\"wp-block-button__link has-white-color has-black-background-color has-text-color has-background wp-element-button\" href=\"http:\/\/klinikanaturalnie.booksy.com\/a\" style=\"border-radius:1px\">ZOBACZ<\/a><\/div>\n<\/div>\n<\/div>\n<\/div>\n<\/div>\n<\/div>\n<\/div><\/div><\/div><\/div><\/div>\n\n\n\n<div class=\"wp-block-getwid-section alignfull opiniehome alignfull getwid-section-content-custom-width\"><div class=\"wp-block-getwid-section__wrapper getwid-padding-left-medium getwid-padding-right-medium\" style=\"padding-top:80px;padding-bottom:0px\"><div class=\"wp-block-getwid-section__inner-wrapper\" style=\"max-width:1140px\"><div class=\"wp-block-getwid-section__background-holder\"><div class=\"wp-block-getwid-section__background has-background has-black-background-color\"><\/div><div class=\"wp-block-getwid-section__foreground\" style=\"opacity:0;background-color:#ffffff\"><\/div><\/div><div class=\"wp-block-getwid-section__content\"><div class=\"wp-block-getwid-section__inner-content\">\n<div class=\"wp-block-columns has-2-columns is-layout-flex wp-container-core-columns-is-layout-9d6595d7 wp-block-columns-is-layout-flex\">\n<div class=\"wp-block-column is-layout-flow wp-block-column-is-layout-flow\" style=\"flex-basis:20%\"><\/div>\n\n\n\n<div class=\"wp-block-column is-layout-flow wp-block-column-is-layout-flow\" style=\"flex-basis:50%\">\n<div class=\"wp-block-getwid-advanced-heading\" style=\"margin-bottom:30px;margin-top:10px\"><h2 class=\"wp-block-getwid-advanced-heading__content has-text-color has-white-color\" style=\"text-align:center\">KLIENCI O NAS<\/h2><\/div>\n\n\n\n<div class=\"wp-block-getwid-advanced-spacer\" style=\"height:30px\" aria-hidden=\"true\"><\/div>\n\n\n\n<div class=\"wp-block-getwid-content-slider has-arrows-none has-dots-inside\" data-autoplay=\"true\" data-arrows=\"none\"><div class=\"wp-block-getwid-content-slider__wrapper\">\n<div class=\"wp-block-getwid-content-slider-slide\"><div class=\"wp-block-getwid-content-slider-slide__wrapper\">\n<p class=\"has-text-align-center\"><mark style=\"background-color:rgba(0, 0, 0, 0)\" class=\"has-inline-color has-white-color\"><em>Najlepsze wykonane brwi w moim \u017cyciu. Chcia\u0142am \u017ceby by\u0142y widoczne ale wci\u0105\u017c naturalnie wygl\u0105da\u0142y. Forma tez poprawiona perfekcyjnie. Do tego bardzo mi\u0142a Pani i przyjemna rozmowa. Nast\u0119pnym razem tylko Klinika Naturalnie. Polecam od ca\u0142ego serca!<\/em><\/mark><\/p>\n\n\n\n<p class=\"has-text-align-center has-white-color has-text-color\">Kateryna K, klientka<\/p>\n<\/div><\/div>\n<\/div><\/div>\n\n\n\n<div style=\"height:100px\" aria-hidden=\"true\" class=\"wp-block-spacer\"><\/div>\n<\/div>\n\n\n\n<div class=\"wp-block-column is-layout-flow wp-block-column-is-layout-flow\" style=\"flex-basis:20%\"><\/div>\n<\/div>\n<\/div><\/div><\/div><\/div><\/div>\n","protected":false},"excerpt":{"rendered":"","protected":false},"author":1,"featured_media":0,"parent":0,"menu_order":0,"comment_status":"closed","ping_status":"closed","template":"","meta":{"footnotes":""},"class_list":["post-294","page","type-page","status-publish","hentry"],"_links":{"self":[{"href":"https:\/\/klinikanaturalnie.pl\/index.php?rest_route=\/wp\/v2\/pages\/294","targetHints":{"allow":["GET"]}}],"collection":[{"href":"https:\/\/klinikanaturalnie.pl\/index.php?rest_route=\/wp\/v2\/pages"}],"about":[{"href":"https:\/\/klinikanaturalnie.pl\/index.php?rest_route=\/wp\/v2\/types\/page"}],"author":[{"embeddable":true,"href":"https:\/\/klinikanaturalnie.pl\/index.php?rest_route=\/wp\/v2\/users\/1"}],"replies":[{"embeddable":true,"href":"https:\/\/klinikanaturalnie.pl\/index.php?rest_route=%2Fwp%2Fv2%2Fcomments&post=294"}],"version-history":[{"count":9,"href":"https:\/\/klinikanaturalnie.pl\/index.php?rest_route=\/wp\/v2\/pages\/294\/revisions"}],"predecessor-version":[{"id":1158,"href":"https:\/\/klinikanaturalnie.pl\/index.php?rest_route=\/wp\/v2\/pages\/294\/revisions\/1158"}],"wp:attachment":[{"href":"https:\/\/klinikanaturalnie.pl\/index.php?rest_route=%2Fwp%2Fv2%2Fmedia&parent=294"}],"curies":[{"name":"wp","href":"https:\/\/api.w.org\/{rel}","templated":true}]}}